the hundreds digit of 2261756?
7
What is the thousands digit of 298028?
8
What is the hundred thousands digit of 181862?
1
What is the ten thousands digit of 1771457?
7
What is the hundred thousands digit of 13786266?
7
What is the hundreds digit of 583628?
6
What is the units digit of 641196?
6
What is the millions digit of 6552496?
6
What is the thousands digit of 556175?
6
What is the hundred thousands digit of 1037273?
0
What is the hundred thousands digit of 12148190?
1
What is the ten thousands digit of 10115412?
1
What is the tens digit of 211531?
3
What is the thousands digit of 895324?
5
What is the hundreds digit of 3089525?
5
What is the ten thousands digit of 134309?
3
What is the thousands digit of 6116415?
6
What is the hundred thousands digit of 5754515?
7
What is the tens digit of 1479484?
8
What is the hundreds digit of 616452?
4
What is the units digit of 2009678?
8
What is the hundred thousands digit of 4353771?
3
What is the tens digit of 96568?
6
What is the thousands digit of 237530?
7
What is the ten thousands digit of 16936?
1
What is the tens digit of 3703012?
1
What is the hundred thousands digit of 255560?
2
What is the units digit of 6141265?
5
What is the hundreds digit of 114385?
3
What is the thousands digit of 607628?
7
What is the thousands digit of 127650?
7
What is the tens digit of 762214?
1
What is the hundreds digit of 25122735?
7
What is the ten thousands digit of 212671?
1
What is the thousands digit of 6393711?
3
What is the millions digit of 9052188?
9
What is the tens digit of 849015?
1
What is the thousands digit of 12700870?
0
What is the tens digit of 2335668?
6
What is the thousands digit of 1408515?
8
What is the tens digit of 83644?
4
What is the units digit of 15111152?
2
What is the tens digit of 5630395?
9
What is the tens digit of 77515?
1
What is the units digit of 5653988?
8
What is the ten thousands digit of 1829064?
2
What is the hundreds digit of 761984?
9
What is the hundred thousands digit of 8964533?
9
What is the tens digit of 1358427?
2
What is the thousands digit of 4446881?
6
What is the thousands digit of 630259?
0
What is the tens digit of 303448?
4
What is the tens digit of 304287?
8
What is the thousands digit of 2640605?
0
What is the units digit of 13942?
2
What is the ten thousands digit of 21018784?
1
What is the tens digit of 1557355?
5
What is the tens digit of 681367?
6
What is the thousands digit of 59232?
9
What is the thousands digit of 706758?
6
What is the units digit of 315768?
8
What is the units digit of 6268275?
5
What is the ten thousands digit of 34729?
3
What is the tens digit of 1775109?
0
What is the hundreds digit of 29468523?
5
What is the units digit of 202907?
7
What is the thousands digit of 149743?
9
What is the millions digit of 4716798?
4
What is the hundreds digit of 226499?
4
What is the millions digit of 8099866?
8
What is the units digit of 592752?
2
What is the ten thousands digit of 614544?
1
What is the hundreds digit of 128947?
9
What is the thousands digit of 649754?
9
What is the tens digit of 10224955?
5
What is the ten thousands digit of 419106?
1
What is the ten thousands digit of 2804994?
0
What is the units digit of 643293?
3
What is the hundred thousands digit of 229436?
2
What is the units digit of 1871362?
2
What is the ten thousands digit of 15473300?
7
What is the units digit of 137017?
7
What is the thousands digit of 5401?
5
What is the tens digit of 7524071?
7
What is the hundred thousands digit of 9286162?
2
What is the units digit of 918168?
8
What is the units digit of 5103885?
5
What is the hundred thousands digit of 831367?
8
What is the units digit of 49199?
9
What is the hundreds digit of 11425532?
5
What is the hundred thousands digit of 478054?
4
What is the tens digit of 1399277?
7
What is the tens digit of 32554007?
0
What is the hundred thousands digit of 4505413?
5
What is the hundreds digit of 12539784?
7
What is the hundreds digit of 389189?
1
What is the ten thousands digit of 2276882?
7
What is the units digit of 166873?
3
What is the millions digit of 1355492?
1
What is the units digit of 414663?
3
What is the hundreds digit of 198182?
1
What is the ten thousands digit of 11647949?
4
What is the tens digit of 1429854?
5
What is the units digit of 763870?
0
What is the hundreds digit of 2743461?
4
What is the hundred thousands digit of 425773?
4
What is the tens digit of 472471?
7
What is the hundreds digit of 436602?
6
What is the tens digit of 15325175?
7
What is the thousands digit of 634654?
4
What is the thousands digit of 6331782?
1
What is the hundreds digit of 1467397?
3
What is the hundred thousands digit of 172412?
1
What is the hundred thousands digit of 160091?
1
What is the thousands digit of 203342?
3
What is the thousands digit of 3642069?
2
What is the ten thousands digit of 795665?
9
What is the hundred thousands digit of 1204424?
2
What is the thousands digit of 2052779?
2
What is the tens digit of 21719334?
3
What is the units digit of 4121689?
9
What is the thousands digit of 8115418?
5
What is the units digit of 3831899?
9
What is the units digit of 14696699?
9
What is the tens digit of 868235?
3
What is the tens digit of 9565293?
9
What is the ten thousands digit of 968158?
6
What is the thousands digit of 13702507?
2
What is the hundreds digit of 930732?
7
What is the units digit of 990848?
8
What is the millions digit of 8667451?
8
What is the hundred thousands digit of 1680548?
6
What is the millions digit of 22716580?
2
What is the units digit of 58270?
0
What is the tens digit of 41182?
8
What is the hundreds digit of 4420711?
7
What is the hundreds digit of 133539?
5
What is the ten thousands digit of 6879234?
7
What is the hundreds digit of 1376303?
3
What is the tens digit of 139106?
0
What is the hundred thousands digit of 1854610?
8
What is the millions digit of 1788570?
1
What is the hundred thousands digit of 5206172?
2
What is the thousands digit of 302000?
2
What is the ten thousands digit of 3982739?
8
What is the units digit of 3634425?
5
What is the units digit of 16458397?
7
What is the hundred thousands digit of 331386?
3
What is the millions digit of 1719735?
1
What is the tens digit of 95015?
1
What is the thousands digit of 362640?
2
What is the ten thousands digit of 2154202?
5
What is the millions digit of 3135008?
3
What is the hundreds digit of 5339?
3
What is the hundreds digit of 9439110?
1
What is the units digit of 511891?
1
What is the hundreds digit of 1982325?
3
What is the millions digit of 3975282?
3
What is the thousands digit of 1721740?
1
What is the hundreds digit of 8197666?
6
What is the tens digit of 624677?
7
What is the hundred thousands digit of 514993?
5
What is the ten thousands digit of 494025?
9
What is the units digit of 464901?
1
What is the tens digit of 3176448?
4
What is the units digit of 41899?
9
What is the hundred thousands digit of 1939785?
9
What is the thousands digit of 160824?
0
What is the thousands digit of 69144?
9
What is the hundreds digit of 19163263?
2
What is the hundred thousands digit of 243304?
2
What is the tens digit of 602094?
9
What is the thousands digit of 1278851?
8
What is the hundred thousands digit of 118213?
1
What is the hundred thousands digit of 305582?
3
What is the millions digit of 2692434?
2
What is the ten thousands digit of 496035?
9
What is the hundreds digit of 2621503?
5
What is the hundred thousands digit of 669700?
6
What is the tens digit of 2391605?
0
What is the units digit of 20437189?
9
What is the thousands digit of 288980?
8
What is the hundreds digit of 4391?
3
What is the hundred thousands digit of 591421?
5
What is the thousands digit of 1368039?
8
What is the hundred thousands digit of 129984?
1
What is the millions digit of 9114779?
9
What is the thousands digit of 300676?
0
What is the hundred thousands digit of 165122?
1
What is the thousands digit of 2741649?
1
What is the hundreds digit of 1064830?
8
What is the hundreds digit of 33029181?
1
What is the thousands digit of 80995?
0
What is the hundred thousands digit of 357511?
3
What is the ten thousands digit of 164927?
6
What is the thousands digit of 24922507?
2
What is the hundred thousands digit of 736263?
7
What 